 2105?
2100
What is the remainder when 1446947 is divided by 1217?
1151
What is the remainder when 5372463 is divided by 69?
54
Calculate the remainder when 4029412 is divided by 114.
82
What is the remainder when 59427341 is divided by 4571333?
12
Calculate the remainder when 92994133 is divided by 229.
210
What is the remainder when 629390 is divided by 19072?
14
What is the remainder when 9811211 is divided by 525?
11
Calculate the remainder when 2477486 is divided by 5899.
5805
Calculate the remainder when 58445011 is divided by 24.
19
What is the remainder when 1096620 is divided by 1096529?
91
Calculate the remainder when 13072775 is divided by 6536357.
61
Calculate the remainder when 57274 is divided by 1929.
1333
Calculate the remainder when 5593394 is divided by 1398230.
474
What is the remainder when 4669899 is divided by 141509?
102
Calculate the remainder when 14336655 is divided by 476.
11
What is the remainder when 904123342 is divided by 29?
28
Calculate the remainder when 830779 is divided by 356.
231
Calculate the remainder when 4817840 is divided by 4817787.
53
Calculate the remainder when 28542694 is divided by 86493.
4
Calculate the remainder when 815084 is divided by 1674.
1520
Calculate the remainder when 72073 is divided by 1213.
506
Calculate the remainder when 150270 is divided by 3875.
3020
Calculate the remainder when 28872767 is divided by 4717.
10
Calculate the remainder when 1441579 is divided by 1519.
48
What is the remainder when 9718572 is divided by 6652?
0
Calculate the remainder when 15164264 is divided by 5054742.
38
What is the remainder when 657212 is divided by 467?
143
What is the remainder when 47502434 is divided by 494817?
2
What is the remainder when 26319 is divided by 3350?
2869
Calculate the remainder when 2144875 is divided by 2764.
11
What is the remainder when 13353031 is divided by 7?
6
Calculate the remainder when 112767659 is divided by 5510.
5509
What is the remainder when 1008164 is divided by 4918?
4892
What is the remainder when 43113097 is divided by 5914?
37
What is the remainder when 75730326 is divided by 47184?
6
Calculate the remainder when 613785 is divided by 7577.
48
What is the remainder when 1315396 is divided by 6480?
6436
Calculate the remainder when 8457303 is divided by 385.
8
Calculate the remainder when 1816936 is divided by 24.
16
Calculate the remainder when 584198 is divided by 145979.
282
What is the remainder when 131553175 is divided by 792489?
1
What is the remainder when 89988683 is divided by 20?
3
Calculate the remainder when 975318 is divided by 109.
95
Calculate the remainder when 125340 is divided by 801.
384
Calculate the remainder when 106579810 is divided by 55080.
10
Calculate the remainder when 13959 is divided by 4630.
69
What is the remainder when 4912000 is divided by 147?
142
What is the remainder when 653307 is divided by 653303?
4
What is the remainder when 1353032 is divided by 89?
54
Calculate the remainder when 84133151 is divided by 340620.
11
What is the remainder when 41735 is divided by 5144?
583
What is the remainder when 364856 is divided by 291?
233
Calculate the remainder when 1341102 is divided by 7796.
190
Calculate the remainder when 57735 is divided by 102.
3
What is the remainder when 35805917 is divided by 301?
161
Calculate the remainder when 5565240 is divided by 2.
0
Calculate the remainder when 265022 is divided by 561.
230
Calculate the remainder when 65505 is divided by 1767.
126
Calculate the remainder when 34683342 is divided by 694.
692
Calculate the remainder when 14058358 is divided by 29.
28
What is the remainder when 4982 is divided by 132?
98
Calculate the remainder when 9739231 is divided by 123281.
32
What is the remainder when 88654 is divided by 837?
769
Calculate the remainder when 72963 is divided by 310.
113
What is the remainder when 59259626 is divided by 304?
298
What is the remainder when 892111 is divided by 5127?
13
What is the remainder when 130891 is divided by 223?
213
What is the remainder when 93924664 is divided by 1758?
1756
What is the remainder when 38534 is divided by 19192?
150
What is the remainder when 74494709 is divided by 532105?
9
What is the remainder when 2486501 is divided by 32?
5
What is the remainder when 3118 is divided by 2868?
250
What is the remainder when 607913 is divided by 121?
9
Calculate the remainder when 96444 is divided by 9571.
734
Calculate the remainder when 59736 is divided by 1214.
250
Calculate the remainder when 1050050 is divided by 19810.
120
What is the remainder when 624911 is divided by 2185?
1
What is the remainder when 1456766 is divided by 2477?
290
Calculate the remainder when 71567 is divided by 23641.
644
Calculate the remainder when 2132341 is divided by 682.
409
Calculate the remainder when 4510910 is divided by 20.
10
Calculate the remainder when 840606 is divided by 274.
248
What is the remainder when 103586 is divided by 2958?
56
Calculate the remainder when 72740802 is divided by 82.
78
Calculate the remainder when 857697 is divided by 877.
868
What is the remainder when 95749 is divided by 47841?
67
What is the remainder when 25823254 is divided by 1839?
16
What is the remainder when 1082057 is divided by 236?
233
What is the remainder when 171903 is divided by 56951?
1050
What is the remainder when 223638 is divided by 1400?
1038
Calculate the remainder when 417002 is divided by 6551.
4289
What is the remainder when 2759673 is divided by 312?
33
What is the remainder when 106221 is divided by 315?
66
Calculate the remainder when 6256 is divided by 426.
292
What is the remainder when 262109 is divided by 443?
296
What is the remainder when 105550 is divided by 1227?
28
What is the remainder when 7169345 is divided by 4726?
3
What is the remainder when 60030038 is divided by 183?
182
Calculate the remainder when 654584 is divided by 40904.
120
Calculate the remainder when 298064 is divided by 2889.
497
Calculate the remainder when 6874559 is divided by 1008.
1007
What is the remainder when 758498 is divided by 15801?
50
Calculate the remainder when 4489868 is divided by 4489129.
739
What is the remainder when 3388073 is divided by 668?
645
What is the remainder when 22861408 is divided by 715?
713
Calculate the remainder when 74864849 is divided by 22.
15
Calculate the remainder when 228901 is divided by 2288.
101
What is the remainder when 258645 is divided by 79?
78
Calculate the remainder when 60793 is divided by 355.
88
What is the remainder when 160614599 is divided by 579?
578
Calculate the remainder when 193193 is divided by 15717.
4589
What is the remainder when 300052 is divided by 33328?
100
What is the remainder when 2431219418 is divided by 1270?
1268
Calculate the remainder when 15144455 is divided by 814.
799
What is the remainder when 165736762 is divided by 6374490?
22
Calculate the remainder when 309651 is divided by 38683.
187
Calculate the remainder when 918865 is divided by 229716.
1
Calculate the remainder when 6303689 is divided by 178.
175
What is the remainder when 1852774 is divided by 4036?
250
Calculate the remainder when 19818149 is divided by 111.
98
Calculate the remainder when 2264400 is divided by 452803.
385
What is the remainder when 640407 is divided by 1089?
75
What is the remainder when 3714003105 is divided by 1212?
1209
What is the remainder when 255418 is divided by 127644?
130
What is the remainder when 9700973 is divided by 1658?
15
What is the remainder when 66723299 is divided by 225?
224
What is the remainder when 75915793 is divided by 11?
8
Calculate the remainder when 527328 is divided by 1030.
998
What is the remainder when 775522 is divided by 775522?
0
Calculate the remainder when 45012 is divided by 700.
212
Calculate the remainder when 275612 is divided by 68899.
16
Calculate the remainder when 5173 is divided by 1007.
138
What is the remainder when 6073369 is divided by 804?
757
What is the remainder when 1335185 is divided by 1785?
5
What is the remainder when 254547 is divided by 406?
391
Calculate the remainder when 3384942 is divided by 676792.
982
What is the remainder when 166932358 is divided by 2520?
2518
What is the remainder when 2267316 is divided by 3267?
18
Calculate the re